Suppose -p = 2*i - 22 - 8, -5*p - 3*i + 122 = 0. What is the remainder when p is divided by w?
4
Let s = 30 - 26. Let j(l) = l**2 - 5*l + 6. Suppose -27*h - 54 = -33*h. What is the remainder when h is divided by j(s)?
1
Let r(m) = m**3 + 6*m**2 - 9*m + 60. Let h(s) = 3*s**2 + 14*s. Let z be h(-4). Let u = 11 - 3. Calculate the remainder when u is divided by r(z).
0
Suppose 123*l + 84*l + 29*l - 1001348 = 0. What is the remainder when 12743 is divided by l?
14
Let d(z) = 4*z**2 + 26*z + 36. What is the remainder when d(-7) is divided by 32?
18
What is the remainder when 1556 is divided by 243/81*((-41)/3)/(-1)?
39
Suppose 51 + 53 = -13*k. Calculate the remainder when (k + 6 + -7)*30/(-9) is divided by 21.
9
Let i = 1652 + -254. What is the remainder when i is divided by 70?
68
Let f = 2640 + 2204. Calculate the remainder when f is divided by 17.
16
Suppose -u = -967 + 185. Calculate the remainder when u is divided by 100/50 - (10 + -120).
110
Suppose 6467 + 260 = -31*d. Let f = 239 + d. Calculate the remainder when 128 is divided by f.
18
Let o(p) = 129*p**2 - 1392*p + 11040. Calculate the remainder when o(8) is divided by 23.
18
Calculate the remainder when 1/(-3 - -1) + 52383/114 is divided by 152.
3
Let i = 12660 + -12532. What is the remainder when i is divided by 56?
16
Let i(f) = -259*f + 4352. Calculate the remainder when i(14) is divided by 104.
102
Let v be ((-528)/28)/((-8)/28). Let m be (-1 - 3)*(-75)/6. Let z = v - m. Calculate the remainder when 28 is divided by z.
12
Suppose 4*l + b = 0, -9*l + 6*l - 2*b = 0. Let m(d) = -d**3 - d**2 + 14. What is the remainder when m(0) is divided by (l + (-2)/(-4))*10?
4
Let k(u) = -u**3 - 11*u**2 - 7*u - 275. What is the remainder when 334 is divided by k(-13)?
26
Suppose 2*m - 28 = -4*h, -3*h + 2*m + 3*m - 5 = 0. Suppose -h*q + 171 = -29. Calculate the remainder when ((-72)/(-27) + -2)/((-6)/(-1386)) is divided by q.
34
Let d = -25 + 21. Let i = 19 - d. Let v = 152 + -109. Calculate the remainder when v is divided by i.
20
Calculate the remainder when 6/75*-5*(-166 + 11) is divided by 24.
14
Let q be 38 + ((-20)/4 - -2). Let p = 166 + q. Let t(b) = -b**3 - 17*b**2 - 33*b - 11. What is the remainder when p is divided by t(-15)?
31
Suppose -42*z - 8344 = -28*z - 28*z. Calculate the remainder when z is divided by 26.
24
Let g = 2 - 1. Let d(u) = -23*u + 22*u - g + 10. What is the remainder when 83 is divided by d(-12)?
20
Let p be 21/(-3)*((-8)/7 - -2). What is the remainder when (-1 + -3)/(-1*2) is divided by 4/p - (-135)/81?
0
Suppose 5*k = 4*a + 1081, a + 0*a - 869 = -4*k. Let f(s) = -1456*s + 58262. What is the remainder when k is divided by f(40)?
19
Suppose 214 = -2*c + 520. Let r = c - 115. What is the remainder when 74 is divided by r?
36
Suppose -45*w + 898 - 27 = -929. Let j(o) = 5*o**2 - o + 2. What is the remainder when j(4) is divided by w?
38
Let d = 59 + -56. Let q be 2/(((-9)/(-21))/d). Suppose 411 = 17*w - q*w. Calculate the remainder when w is divided by 28.
25
Let i(f) = 6*f**3 + 120*f**2 + 2*f + 64. Calculate the remainder when 105 is divided by i(-20).
9
Suppose 5*g = -4*p + 238, 48 + 140 = 3*p - g. What is the remainder when 181 is divided by p?
57
Suppose 66 = -10*f + 616. What is the remainder when 990 is divided by f?
0
Let t(b) = 48*b + 148. Let d be t(-3). Suppose -q = 5*w - 39, -d*q + 93 = 38*w - 39*w. What is the remainder when 89 is divided by q?
17
Suppose 16 = -39*g - 179. Calculate the remainder when 130 is divided by ((-30)/(-35))/(g/(-385)).
64
Let s be 11/22*3*2. Suppose 12*k - 1674 = s*k. What is the remainder when k is divided by 47?
45
Suppose 0*n + 10 = m + n, 0 = -m + n + 6. Calculate the remainder when 231 is divided by m.
7
Let i = 486 + -484. Suppose -5*p + 114 + 67 = i*r, -2*p + 277 = 3*r. What is the remainder when r is divided by 8?
5
Let f(o) = o**3 + 6*o**2 + 7*o + 5. Let j = 11 + -15. Suppose 2*i - 21 - 65 = 0. What is the remainder when i is divided by f(j)?
7
Suppose 0 = k - 0. Suppose 9*y + k*y = 4284. Suppose 0*u + y = 4*u. What is the remainder when u is divided by 15?
14
Let s(t) be the third derivative of t**4/24 + 10*t**3/3 + 34*t**2. What is the remainder when 53 is divided by s(3)?
7
Suppose 3*t - 134 = -h, -5*t - 38 = -4*h + 549. Calculate the remainder when 10006 is divided by h.
139
Suppose -8*o - 45 = -9*o. Suppose 54*b - 315 = o*b. Calculate the remainder when 64 is divided by b.
29
Let g = 93 + -27. Let k = -8 + 10. Suppose k*o + 6 = 40. What is the remainder when g is divided by o?
15
Suppose 5*h - 123 = c, 5*c - 17 = -32. What is the remainder when 43 is divided by h?
19
Let i(z) = -268*z - 2377. Calculate the remainder when 1991 is divided by i(-9).
31
Suppose -3*g + 4546 = -5*z, -4*z - 721 = -g + 799. What is the remainder when g is divided by 4?
0
Let y = 8565 - 7832. What is the remainder when y is divided by 256?
221
Let g(b) = b + 10. Let j be g(-6). Suppose 5*u - 50 = -0*u. Calculate the remainder when (38/1)/1 + (4 - j) is divided by u.
8
Let n be (-6)/(-9)*150/(-20)*-1. Suppose -q - 5*x + 92 = 0, -n*q - 4*x = -0*q - 376. Calculate the remainder when q is divided by 35.
2
Let b(c) = -8 + 3 + 95*c**2 - 2*c + 6 + 0 - 3. Calculate the remainder when 545 is divided by b(1).
90
Suppose -c - 44 = -2*y, -3*y = 3*c - 28 - 56. What is the remainder when 359 is divided by y?
23
Suppose 527*m + 857 = 263*m + 265*m. Calculate the remainder when m is divided by 212.
9
Let i = 443 - 264. Suppose -r + 23 = -i. Suppose -6*k = -k + t - r, -2*k - 4*t + 70 = 0. What is the remainder when k is divided by 14?
13
Suppose 5029 = 4*w + 532*m - 531*m, 3*m = 2*w - 2483. Calculate the remainder when 1268 is divided by w.
13
Let a = -901 + 922. Let d(s) = 2*s**3 - 43*s**2 + 21*s + 20. Calculate the remainder when 192 is divided by d(a).
12
Calculate the remainder when 7 + 0 - (3 + -2 - 1 - 1190) is divided by 97.
33
Suppose -v - b + 12 = 0, -3*b - 17 + 60 = 4*v. Suppose 19 = 2*w + v. Suppose w = 3*t, 5*d - 110 = d - 3*t. Calculate the remainder when d is divided by 10.
6
Let w be (1 - 6 - -8)*-281. Let n = -776 - w. Calculate the remainder when n is divided by 18.
13
Let o = 31 + -83. Let x = 59 + o. Suppose 0 = x*w - 417 - 822. Calculate the remainder when w is divided by 30.
27
Suppose -3*h + 2873 = 5*i, 3829 = -35*h + 39*h + 5*i. Calculate the remainder when h is divided by 30.
26
Suppose 4*r + 585 = -r. Let t = 277 + r. Suppose -b + 78 = 3*c, 5*c - 2*b - 164 = -23. What is the remainder when t is divided by c?
25
Suppose -4*j + 2*q - 80 = -1710, 0 = 2*j - 3*q - 809. Let k = 1116 - 1075. Calculate the remainder when j is divided by k.
40
Let l = -159 + 174. What is the remainder when 1154 is divided by l?
14
Suppose -9*z = -4*z - 285. Let q be (-18)/(-6) - (-1 - 1). Suppose -1 - 3 = 2*f, q*f = n - 20. What is the remainder when z is divided by n?
7
Suppose -4*h - 15 = -23. Suppose -2*p = q + h*q - 383, 5*p - 938 = -q. What is the remainder when p is divided by (126/30)/((-1)/(-5))?
19
Suppose -140*z + 166*z - 76882 = 0. Calculate the remainder when z is divided by 156.
149
Calculate the remainder when -1*(153747/132)/((-2)/((-16)/(-3))) is divided by 5.
1
Let r be (-3)/(18/(-20))*(-36)/15. Let n(y) = -7*y - 6. Let p(v) = v**3 - 9*v**2 + 16*v + 3. Calculate the remainder when n(r) is divided by p(7).
16
Let p(j) = j**3 - 24*j**2 - 25*j - 1. Let s be p(25). Let k(i) = 33*i**2 + 1. Calculate the remainder when 91 is divided by k(s).
23
What is the remainder when 517 is divided by (-3)/81*-3*(43 + 614)?
6
Calculate the remainder when 7/2*(-24440)/(-364) is divided by 14.
11
Suppose 0 = 55*u + 59*u - 142*u + 20608. What is the remainder when u is divided by 50?
36
Suppose -2 = q, 0 = -n - 3*q - q + 37. Let j(d) = 2*d**3 - 25*d**2 - 11*d + 3. Let f be j(13). Let c = n - f. What is the remainder when 30 is divided by c?
14
Suppose -3*v + 8*v - 234 = -3*x, 0 = 4*x + 8. What is the remainder when v is divided by (-1)/(-2) - (-195)/6?
15
Let d(w) = -w**3 - 5*w**2 + 4*w - 5. Let y be d(-6). Let x = -3914 - -3964. Calculate the remainder when x is divided by (-2)/y - (-30)/7.
2
Let b(w) = 2*w**2 + 4*w - 5. Let t(n) = -40*n. Let r be t(-2). Let c = 74 - r. What is the remainder when b(c) is divided by 9?
7
Suppose -d + 63 = -3*u + 2*u, 195 = 3*d - u. Let 